104/26.
3359
Let j(q) = 113*q + 119. What are the prime factors of j(12)?
5, 59
Suppose -2*k + 202 = 4*u, 0 = -5*k - 18 + 3. Let z = u - 30. What are the prime factors of z?
2, 11
Suppose -u + 21 + 6 = 4*q, 3*q - 24 = -u. List the prime factors of (0 - -4)/(3/u).
2, 5
Suppose 5*c + 4*s - 215 = -0*s, -c + 2*s = -57. List the prime factors of c.
47
Let x(g) be the third derivative of g**6/120 - g**5/6 - 2*g**3 - 7*g**2. Let b be x(10). What are the prime factors of b*(75/(-20) - 0)?
3, 5
Suppose 2*q = -5*d - 0*q + 37, -2*q + 10 = 2*d. Let l = 293 - -52. Suppose -d*r = -4*r - l. What are the prime factors of r?
3, 23
Suppose 5*f - 2*d = 147, -2*d + 94 = 5*f - 49. Suppose -5*l - 4 = -f. Suppose -l*m + 91 + 89 = 0. List the prime factors of m.
2, 3
Let i(p) = -2*p - 19. Let f be i(-9). What are the prime factors of (-91)/(-14)*(-10)/f?
5, 13
Suppose -16 = -2*y + 6*y. Let t be 3/6 - y/(-8). Suppose -3*u - 5*f + 45 = t, -3 = u + 5*f - 18. List the prime factors of u.
3, 5
Let f be (-6)/(-36) - 51/(-18). Suppose 0 = -3*n - 2*w + 536, w + f*w = -5*n + 894. List the prime factors of n.
2, 89
Let u = 46 - 44. Suppose -4*x = 4, u*i = 2*x + x + 193. List the prime factors of i.
5, 19
Let i be 2 - 2532/((-4)/1). Suppose -2*w = 3*w - i. What are the prime factors of w?
127
Let r = 295 - -167. Suppose r = 3*h - 63. Suppose 0 = -7*x + 2*x + h. What are the prime factors of x?
5, 7
Let g(t) = -36 + 16 - 19*t - 5*t. List the prime factors of g(-7).
2, 37
Let n(t) = 11*t. Let z be n(-2). Let d = z - -51. Suppose d = 3*x - 2*x. What are the prime factors of x?
29
Let v(w) = -4*w - 5. Let o(j) = 15*j + 21. Let b(p) = -2*o(p) - 9*v(p). Let a be 0 - -8 - (-53 - -59). What are the prime factors of b(a)?
3, 5
Suppose -2*w + 3*w = -4*p + 722, 5*w = 2*p + 3544. List the prime factors of w.
2, 5, 71
Suppose 0 = 5*a - 3*a - 16. Suppose -4*w - a = 0, -3*h + 4*w + 300 = h. Let c = 104 - h. List the prime factors of c.
31
Suppose 6*k = 2*k + 168. List the prime factors of k.
2, 3, 7
Let w(o) be the first derivative of -o**2/2 - 7*o - 2. Let i be w(-9). Suppose 4*f = -8, -i*q = -f + 3*f - 34. List the prime factors of q.
19
Let u(z) = -72*z - 8. Suppose -17*r - 24 = -9*r. What are the prime factors of u(r)?
2, 13
Suppose 0 = -3*q + 10 - 1. Suppose q*j + 255 = 8*j. What are the prime factors of j?
3, 17
Suppose 3*o = -s - s + 148, 0 = -2*s - 5*o + 156. Suppose -3*h + 301 = -s. List the prime factors of h.
3, 41
Let x be (-16)/(-24) + (-6)/9. What are the prime factors of x + (2/(-4) - (-214)/4)?
53
Suppose 4229 = 4*s + 5*i - 3953, -6135 = -3*s - 3*i. List the prime factors of s.
3, 227
Let h(k) = k**2 - 4*k - 5. Let b be h(6). Suppose 3*t = -t + 20. Suppose t*c = b*c - 40. List the prime factors of c.
2, 5
Let i be (-4)/(-6)*(-1 + 46). List the prime factors of ((-153)/(-6))/(-1)*i/(-9).
5, 17
Let v = -1068 - -1890. What are the prime factors of v?
2, 3, 137
Let d = -6 + 8. Let w(h) = 5*h - 3 - h - 11 - d. List the prime factors of w(7).
2, 3
Suppose -8 = -7*x + 6. List the prime factors of (-1 + x + -49)*(-3)/9.
2
Suppose -8*g + 4*g = -4*l - 8128, -3*l + 10144 = 5*g. What are the prime factors of g?
2, 5, 7, 29
Let d(l) = 9*l - 4. Let a(v) be the first derivative of 19*v**2/2 - 9*v - 3. Let j(s) = -6*a(s) + 13*d(s). What are the prime factors of j(9)?
29
Let o = -159 + 329. What are the prime factors of (o - 4) + -5 - -1?
2, 3
Let q = -272 - -111. Let z = -257 - q. Let w = -64 - z. List the prime factors of w.
2
Suppose 11079 = 4*w + 995. What are the prime factors of w?
2521
Let y be 0/((-2 - -3)*-2). What are the prime factors of 1 + -1 - -4 - y?
2
Let y be 57/(-3)*7/7. Let b be y*3/(-6)*10. Let r = b - 49. What are the prime factors of r?
2, 23
Suppose -8*r = -3951 - 473. Let k = -219 + r. List the prime factors of k.
2, 167
Let y(h) = 10*h - 10. Suppose 3*q + 15 = 6*q. List the prime factors of y(q).
2, 5
Suppose -4*m + 1131 = 5*h, h + 5*m - 4*m - 227 = 0. List the prime factors of h.
223
Let m(o) = 600*o**2 + 2*o + 2. Let k be m(-1). Suppose -6*x = -x - k. List the prime factors of x.
2, 3, 5
Suppose 0 = d + 132 - 493. Suppose -6*o + 215 = -d. What are the prime factors of o?
2, 3
Suppose 2*b = -4*h + 2*h + 10940, -2*b + 10937 = 3*h. List the prime factors of b.
13, 421
Let p(n) = 9*n + 28. Let r be p(5). Let x = r + 21. What are the prime factors of x?
2, 47
Let a = 330 - 176. Let t = 174 - a. List the prime factors of t.
2, 5
Let z = 20 - -6. Suppose 8*y = 6*y + z. What are the prime factors of y?
13
Suppose -2*j - 4*j = 0. Suppose 16*v - 13*v - 183 = j. What are the prime factors of v?
61
Let x(h) = 7*h**2 - 15*h - 15. Let g(r) = -11*r**2 + 23*r + 22. Let p(y) = -5*g(y) - 8*x(y). Let j be p(7). List the prime factors of (-24 + -4)/j*2.
2, 7
Let t(q) = -2*q + 10. Let v be t(-8). Suppose 5*f - v = -3*j + 202, 0 = f + 4*j - 32. List the prime factors of f.
2, 3
Suppose -5*s + 4*p = -4548, -2*s - 21*p = -26*p - 1826. What are the prime factors of s?
2, 227
Suppose -5*t + 2 = 4*k, -t - 14 = -4*k - 0*t. Let q be (0 + (-88)/3)/(120/(-180)). Suppose k*d - 5*d = -q. List the prime factors of d.
2, 11
Suppose -3*p = -21058 + 6970. List the prime factors of p.
2, 587
Let a(h) = h**3 - 7*h**2 - h + 6. Let l be a(7). Let d be 6/24 - l/(-4). Suppose 3*c - 3*j = 144, j + 5 = -d. List the prime factors of c.
43
Let z(s) = 51*s + 32. Let m be z(-8). What are the prime factors of (6/(-4))/(1 - (-380)/m)?
3, 47
Let o(u) = u**2 + 4*u - 11. Let k be o(-5). Let d be (2/(-8))/(k/264). Suppose 0 + d = r. What are the prime factors of r?
11
Suppose 2*t = -3*h + 8120, -5*h - 2364 - 13854 = -4*t. List the prime factors of t.
4057
Suppose -3*o + 3*y + y = -2060, 2*o - 1375 = 3*y. What are the prime factors of o?
2, 5, 17
Suppose 21 = 5*q - 9. Let v be -2*(-1 - 21/q). What are the prime factors of 114/v - (-2)/(-3)?
2, 3
Let m(t) = t**2 - 8. Let l(p) = -p**2 + 11*p - 13. Let f be l(9). Suppose -w + 0*w - 4*h - 2 = 0, -3*w + 8 = f*h. List the prime factors of m(w).
2, 7
Let u(l) = 11*l**2 - 15*l + 26. Let j be u(8). Suppose -k - k = -j. What are the prime factors of k?
5, 61
Let q(p) = -p**2 - 7*p - 9. Let l be q(-7). Let d(b) = -7*b - 28. List the prime factors of d(l).
5, 7
Suppose -61*g = -11*g - 300. What are the prime factors of g?
2, 3
Suppose -4*l + 2 = 6. List the prime factors of (l - -115)*(-6)/(-12).
3, 19
List the prime factors of (-84)/(-546) + -1434*(-12)/26.
2, 331
Let m(n) = 8*n**2 - 9*n + 16. Suppose 12 = -4*d - 8. List the prime factors of m(d).
3, 29
Suppose -4*o - 2*w = -3*w - 10236, -5*o - 4*w + 12774 = 0. What are the prime factors of o?
2, 1279
List the prime factors of 2772/(-24)*44/(-3) - 2.
2, 3, 47
Let v(g) = g**2 + 2*g + 5. Let y be v(-5). Suppose 0 = 5*a - 2*q - q - 148, 2*a - 63 = 5*q. Let i = y + a. What are the prime factors of i?
7
Let q(x) = -7*x - 47. Let a be q(-7). Suppose 47 = 4*k - 49. Suppose -52 = -a*g + k. List the prime factors of g.
2, 19
Let q(n) = n. Let u be q(9). Let o be ((-2)/4)/(u/270). List the prime factors of (-8 - -2)*80/o.
2
Let i(z) = -z**3 + 17*z**2 - 18*z + 37. Let m be i(16). Suppose 4*b + 428 = 4*v - 0*v, -b = m. List the prime factors of v.
2, 3, 17
Let m(o) = 2*o + 23. Let z be m(-10). Suppose 3*n - z*k = -0*n + 186, 3*n = -5*k + 202. List the prime factors of n.
2
Suppose -26*c + 23*c = -l + 2100, 5*c = -5*l + 10460. What are the prime factors of l?
2, 3, 349
Let r be 4 + (-3)/(-4)*(-7 + 3). List the prime factors of r/3 + 1/(3/215).
2, 3
Suppose -2*n + 2*f = 136, 4*f + 158 = -5*n - 191. What are the prime factors of (n/9)/((-1)/3)?
23
List the prime factors of (-361)/(-5 + (-24)/(-5)).
5, 19
Suppose 12*w = w + 2541. List the prime factors of w.
3, 7, 11
Let f(o) = -o**2 + 38*o - 37. What are the prime factors of f(21)?
2, 5
Let k be 1/(-4 - -2)*26. Suppose 245*w = 250*w - 120. Let u = k + w. List the prime factors of u.
11
Suppose 0 = -z + 17 - 3. Suppose -10*v + z*v + 8 = 0. What are the prime factors of (v/4)/(11/(-638))?
29
Let m = -12 + 5. Let t(y) = y**3 + 6*y**2 - 7*y. Let v be t(m). Suppose z - 8 - 7 = v. List the prime factors of z.
3, 5
Let x = -29 + 21. Let f(a) = a**3 + 9*a**2 + 9*a + 14. What are the prime factors of f(x)?
2, 3
Suppose 1 = 4*j + 4*a - 51, -5*a = -j + 43. Let h = -5 + j. Suppose 0 = -5*k + 3*d + 107 + 